are the prime factors of i?
3, 5
Let c be ((-26)/(-5))/2 + 14/35. What are the prime factors of c/((-9)/(-6)) + 91?
3, 31
Suppose -16*v + 2235 = -11*v. List the prime factors of v.
3, 149
List the prime factors of 2*(-11)/((-44)/8).
2
Let a be 0/(-1)*(-2)/4. Let z(j) = 7*j**3 - 2*j**2 - j + 3. Let u be z(1). Suppose 0*r - r = -n + 27, -n - 3*r + u = a. List the prime factors of n.
2, 11
Suppose -g - 3*t + 3 = g, 2*t = 6. Let z = g - -15. List the prime factors of 430/z + 8/48.
2, 3
Let a = -303 - -165. Let m = a + 239. List the prime factors of m.
101
Let w = -4 + 6. Suppose 2*a - 3*h - 37 - 4 = 0, -3*a + 4*h = -62. Suppose -3*u - 2*x = -w*u - a, 5*x = 3*u - 99. List the prime factors of u.
2, 7
Let t(j) = 55*j**2 - 35*j - 61. What are the prime factors of t(-6)?
2129
Let f(h) = h**2 + 7*h + 6. Let t be f(-8). Let w = t + -19. Let m(c) = -2*c + 3. What are the prime factors of m(w)?
13
List the prime factors of (-70)/(-2 - 144/(-78)).
5, 7, 13
Let x(r) = 47*r - 10. Let i(z) = 49*z - 10. Let f(l) = -2*i(l) + 3*x(l). What are the prime factors of f(3)?
7, 17
Let w = -83 + 100. Suppose -18*p = -w*p - 106. What are the prime factors of p?
2, 53
Let a be (-46 - 1)/((-1)/3). Suppose 4*r - 7*r = -a. Suppose 5*t - r = 28. List the prime factors of t.
3, 5
Suppose 0 = 288*w - 290*w + 6048. What are the prime factors of w?
2, 3, 7
Suppose -f = -2*d + 2*f, 2*d - 2*f - 2 = 0. Let t(y) = y**3 + 0*y**3 + d - y - 15 + 14*y**2. List the prime factors of t(-14).
2
Suppose 0 = o - 1014 + 251. What are the prime factors of o?
7, 109
Suppose -4*p + 1509 = -f + 44, 0 = -5*p - 4*f + 1826. List the prime factors of p.
2, 3, 61
Let c = 26 - 21. Suppose c*g + 3*q - 10 = 2*q, 4*q - 16 = 4*g. Let i(u) = 8*u**3 - u**2 + 3*u - 1. List the prime factors of i(g).
3
Let o(f) = -127*f + 1. Let h be o(-1). Let k = h - 50. List the prime factors of k.
2, 3, 13
Let u(m) = -2*m. Let p be u(-7). Let x be p/10 + 4/(-10). Let w = x + 11. List the prime factors of w.
2, 3
Suppose -5*i - 2667 = -3*h, 5*h - i - 3534 - 889 = 0. List the prime factors of h.
2, 13, 17
Let v(k) = -k**3 - 2*k**2 - 3*k + 3. Let j be v(-4). Suppose m = -2*c + 13, -3*c - 5*m = -0*m - 30. Suppose c*l + j = 217. What are the prime factors of l?
2, 17
Let b be (-5)/15 - (-1370)/6. Suppose z - b + 797 = 4*j, z = -1. List the prime factors of j.
2, 71
List the prime factors of 1428/63 + 1/3.
23
Suppose 18*z + 7*z = 43450. What are the prime factors of z?
2, 11, 79
Let w = -19 - -17. Let h = 29 + w. List the prime factors of h.
3
What are the prime factors of 469 - 2 - (2 + -12)/5?
7, 67
Let z be (6*-2)/(3/(-4)). Let v be 1 - 2/((-4)/38). List the prime factors of z/6*285/v.
2, 19
Let m(q) = 7*q**2 + 6*q + 3. Let r(s) = 6*s**2 + 5*s + 3. Let v(w) = w + 17. Let a be v(-12). Let x(z) = a*r(z) - 4*m(z). List the prime factors of x(-3).
2, 3
Suppose 0 = 5*m + 3*u - 22, -m - 7 = -5*u + 11. Let a be 59 - m/1*-2. Suppose -4*v = 3*y + 2*y - 103, -3*y - 3*v + a = 0. List the prime factors of y.
19
Let x(b) = -37*b**3 + 5*b**2 - 5*b - 1. Let m(r) = 110*r**3 - 14*r**2 + 14*r + 3. Let a(s) = 3*m(s) + 8*x(s). List the prime factors of a(2).
269
Let b(f) = -f**3 - f**2 - 3*f - 7. Let t be b(-10). Suppose -t = -6*i - 227. What are the prime factors of i?
2, 29
Let d(y) = -y + 470. List the prime factors of d(-60).
2, 5, 53
What are the prime factors of (-1)/(-2) - 4726/(-4)?
2, 3, 197
Let p(b) = -b - 12. Let n be p(-5). Let t(a) = a**3 + 7*a**2 + 10*a + 5. Let z be t(n). Let w = z + 120. What are the prime factors of w?
5, 11
Let q(z) = z - 5. Let d(u) = 4*u + 1. Let b be d(1). Let s be q(b). What are the prime factors of 17 + (-1)/1 + s?
2
What are the prime factors of ((-12)/4 - (-18)/9)*-651?
3, 7, 31
Let n(y) = y**3 - 2*y**2 - y + 29. Let m be n(0). Suppose 0 = 3*t + m - 200. What are the prime factors of t?
3, 19
Suppose -17*c = -37*c + 24780. What are the prime factors of c?
3, 7, 59
Let w(y) = 26*y**3 + 4*y**2 + 2*y. Let g be w(-2). What are the prime factors of (-3)/(-9) + g/(-6)?
3, 11
Suppose -k - 2 = 1. Let p be (2 + k)/(2/30). Let y = p + 40. List the prime factors of y.
5
Let o(v) = 44*v + 487. List the prime factors of o(25).
3, 23
Suppose -8408 = -115*z + 107*z. What are the prime factors of z?
1051
Let w(c) be the second derivative of 3*c**3 + c**2/2 + 15*c. List the prime factors of w(1).
19
Suppose -10*b = -1854 - 1206. Let j = -138 + b. List the prime factors of j.
2, 3, 7
Suppose 4 = -j - 0. Let n(o) be the first derivative of o**4/4 + 4*o**3/3 - 5*o**2/2 - o + 51. List the prime factors of n(j).
19
Suppose -p - u + 11 = 3*p, -2*u + 16 = 5*p. Suppose x - 222 = -p*x. What are the prime factors of x?
2, 37
Let t(h) = -h**2 - 8*h - 6. Let p be t(-5). Let f be (-42)/((18/(-16))/p). Suppose f = 2*k + 5*k. List the prime factors of k.
2, 3
Let p(m) = -m - 5. Let j = -21 - -13. Let q be p(j). What are the prime factors of q - (1 + 3 - 48)?
47
Let y = 141 + -137. Let b(a) = -1 - 5*a + 2*a**2 + 0*a**2 - 2. What are the prime factors of b(y)?
3
List the prime factors of (-10)/8*(-12)/(-30)*-9832.
2, 1229
Let c(g) = -g**2 + 13*g - 16. Let s be c(11). Suppose 4*a - s = -z + 3*z, 4*a = -3*z + 21. Suppose -2*y = -45 + z. What are the prime factors of y?
3, 7
Suppose 2*d = 10*d - 4312. List the prime factors of d.
7, 11
Let n(b) = 2*b + 13*b**2 - 3*b**2 + 1 - 8*b**2 - 38*b**3. List the prime factors of n(-1).
3, 13
Suppose 2*w - 4*a - 2760 = 2062, -5*w = -5*a - 12080. What are the prime factors of w?
3, 269
Let b(r) = 963*r**2 - r + 2. What are the prime factors of b(1)?
2, 241
Let i(v) = -v**3 + 8*v**2 - 4*v + 6. Let p be i(8). Suppose -n - 3 = y + 1, 2*y - n + 23 = 0. Let o = y - p. List the prime factors of o.
17
Let q(i) = 26*i**2 + i + 8. List the prime factors of q(4).
2, 107
Suppose -16 = -7*h + 3*h. Suppose h*z = z + 81. Let x = z - 16. What are the prime factors of x?
11
Let i(j) = -47*j - 198. List the prime factors of i(-58).
2, 79
Let c = -19 - -25. Let x = c + -2. Suppose 0 = n + x*n - 120. List the prime factors of n.
2, 3
Let v(d) = -9*d - 6. Let o be (-2 + 3)*0/3. Suppose o = 3*l - 2 + 17. List the prime factors of v(l).
3, 13
Let o(d) = -d**2 + 49*d + 48. What are the prime factors of o(16)?
2, 3
Let z(b) = -b**2 - 16*b + 16. Suppose 9*a - 8*a = 5. Suppose 0 = a*h - 3*c + 89, 2*h + 73 = -2*h + 3*c. List the prime factors of z(h).
2
Let y = 3797 - 2628. What are the prime factors of y?
7, 167
Let h(z) = z - 9. Let a(w) = w - 4. Let c(y) = -14*a(y) + 6*h(y). Let q be c(1). Let n(u) = -u**3 - 4*u**2 + 6*u + 2. What are the prime factors of n(q)?
2, 19
Suppose -4*v + l = 5*l - 72, 2*v - 36 = -3*l. Suppose 0 = -w - 3*c - 5, -26 = 5*w - 2*c - 1. Let q = v - w. What are the prime factors of q?
23
Let z be (3/4)/((-2)/(-8)). Suppose -8*l = -z*l - 80. Let a = 21 - l. List the prime factors of a.
5
Let l = 135 - -110. List the prime factors of l.
5, 7
Suppose -3*i + 5*i + 49 = -3*l, -4*l = -4*i + 32. Let o = -13 - l. Suppose -4 = -o*q - q, -4*q - 32 = -3*m. List the prime factors of m.
2
Let t = 1997 - 926. What are the prime factors of t?
3, 7, 17
Let j = -211 - -1307. What are the prime factors of j?
2, 137
Let j be (1 - 0)/(3/(-30)). Let l(x) = -x**3 - 10*x**2 + 2. Let g be l(j). Suppose -4*t = 4, g*d = -d + t + 13. What are the prime factors of d?
2
Let i(j) = 35*j - 7. Let k(o) = o**2 + 7*o + 12. Let h be k(-5). List the prime factors of i(h).
3, 7
Let w(x) = 1004*x + 14. List the prime factors of w(5).
2, 3, 839
List the prime factors of ((-201)/(-12))/((-4)/(-672)).
2, 3, 7, 67
Let w = 78 + -84. List the prime factors of (-130)/(w/(3 + 0)).
5, 13
Suppose -7*d + 11*d + 3*m + 612 = 0, 5*d = -5*m - 760. Let a = -88 - d. What are the prime factors of a?
2, 17
Let l = 83 - 83. Let w be (-1 + 0)*(3 - 4). List the prime factors of w - l - (-147)/7.
2, 11
Suppose 5*h + 15 = 0, g + 4*h - 95 = 458. What are the prime factors of g?
5, 113
Suppose 2*d + 12 = 3*d. Let a be (d/(-5))/((-8)/(-100)). What are the prime factors of (-1332)/a + (-4)/10?
2, 11
Suppose -9*o + 10752 = -8670. List the prime factors of o.
2, 13, 83
What are the prime factors of (190 - -1)*1 - 2?
3, 7
Let c be (-1 + (-3)/6)*(-16)/(-12). List the prime factors of 160 + (-3 - -4 - 1)/c.
2, 5
Suppose -46 = -5*s - 11. Suppose 0 = 2*i - 3*v + 9, -4*i - s